 be s(3). Let o = r + f. Is o prime?
True
Let m be (30 - 74) + 3/(-1). Is 2 - (313 - 0)*m prime?
True
Is (3 - (-2 + 6)) + (579891 - -3) a prime number?
True
Let y(g) = 111*g + 3. Let d be y(1). Let p = d - 27. Is p prime?
False
Is (22 - 2)/4 - 6 - (-147033 + 1) prime?
True
Let d be (-11)/(22/12) + 6. Suppose d = -3*h - 6, 5*u = h + 14606 - 3809. Is u prime?
False
Suppose -2*g = -3*g + 686. Suppose -f + g = 6874. Let l = f - -8911. Is l composite?
True
Let c(m) = 108*m**2 + 4*m - 3. Suppose 0 = -5*j + 15, t - j - 2 = -4. Is c(t) composite?
False
Suppose 0 = 5*h, -5*p + 122 = -4*h + 27. Let i(d) be the first derivative of 24*d**2 + 5*d + 1. Is i(p) a composite number?
True
Suppose 25*r - 8636785 = -10*r + 299170. Is r a prime number?
True
Is (-11 - 70555/(-15))*(-345)/(-10) a prime number?
False
Suppose -6*i + 4*i = -4*r - 88, 4*r - 5*i = -88. Let j = r - -26. Is (j - -1479 - -1) + -2 + -1 composite?
False
Let u(s) = -s**2 - 9*s + 5. Let n be u(-9). Suppose -2559 = n*g - 6*g. Is g composite?
True
Suppose -r + 31*c + 5664 = 32*c, -2*r + 11307 = 5*c. Is r a composite number?
True
Let o(n) = 33*n + 27. Let l be ((-18)/2 - -4) + -6. Let j be o(l). Is (-4)/12 - j/9 prime?
True
Suppose m + 1110 = 4*c, 5*m + 4*c = 5*c - 5493. Let n = 626 - m. Suppose 0 = 3*v + f - n, -3*f - f + 20 = 0. Is v composite?
True
Suppose -3*g = -5*p + 45, p - 11 = -5*g - 30. Is 6 - (-1 + -1064 - p) a composite number?
True
Let u(s) = -921*s**3 - 2*s**2 - 83*s - 115. Is u(-7) a prime number?
True
Suppose -80*i + 169914901 = 8*i + 69595869. Is i composite?
False
Let r = 47 + -85. Let y = -10 - r. Is (14/y)/(2/892) composite?
False
Let d = -2173 + 1951. Suppose -4*c + 244 = 56. Let q = c - d. Is q a composite number?
False
Let p(m) = -m**3 - 12*m**2 + 14*m + 18. Let j be p(-13). Suppose 0 = j*l + a - 10778, -6*l + 2*l + a = -8617. Is l a prime number?
False
Let h(v) = 2*v**3 + 28*v**2 - v - 9. Let i be h(-14). Suppose -184869 = -i*z + 78926. Is z a prime number?
False
Is 5 - (57/38)/((-21)/2727256) prime?
True
Suppose -7670*r - 380708 = -7674*r. Is r a prime number?
True
Is 582/388*5674/3 a composite number?
False
Is -94*(-18616)/80 + (-6)/(-30) prime?
False
Let q(a) = 3528*a + 1. Let c(d) = -6*d + 56. Let k be c(9). Is q(k) a prime number?
True
Let d = 117 - 121. Let l(y) = -556*y + 99. Is l(d) a prime number?
False
Let x(w) = w**3 + w**2 - 9*w + 23. Let f be x(-4). Suppose -f*o = 4*m - 14*o - 48322, 36247 = 3*m - 5*o. Is m a prime number?
False
Let a(d) be the third derivative of d**4/6 - d**3/3 + 28*d**2. Let n be a(-3). Is n/35 + (-7974)/(-10) composite?
False
Suppose -102*u = -7*u - 10628885. Is u composite?
True
Let o = 170262 - 75361. Is o composite?
True
Let j = 469836 - 219745. Is j prime?
True
Suppose 20*y - 4*a - 233845 = 17*y, -155896 = -2*y + 2*a. Is y a prime number?
False
Let m(z) be the first derivative of -2*z**3/3 - 5*z**2/2 + 12*z - 38. Let p be m(-4). Suppose 3*h - 2*w - 10 - 37 = p, -3*h - w = -62. Is h a composite number?
False
Let z(m) = 1375*m**2 + 171*m - 321. Is z(17) prime?
False
Suppose -15*x + 146091 + 514524 = 0. Is x a composite number?
False
Is 13*(5848 - ((-7 - -8) + 4)) prime?
False
Let v be 3*3/(-3) - (-5 + 2). Let f(r) = r + 3. Let x be f(v). Suppose x*m - 4*z - 2258 = z, 0 = m + 4*z - 747. Is m a prime number?
True
Let n = 71 - 62. Suppose k = -3*d - 12, 5*k = 3*k + 5*d + n. Is ((-452)/4)/(k/33) composite?
True
Suppose 34*n - 33*n - c = 36120, 5*n = -c + 180594. Is n a composite number?
True
Let o(u) = 1107*u + 1687*u + 402*u - 6 - 881*u. Let f be o(-3). Is (-1 - -3)*f/(-14) prime?
False
Suppose -p = 6*s - s - 18445, -2*p + 36876 = -4*s. Suppose 5*g = 3*k + p, -k = -0*g + 3*g - 11078. Is g composite?
False
Suppose 71188 = 3*d + s, 219*s - 221*s = 3*d - 71183. Is d a prime number?
False
Suppose -3*i = 6801 - 19047. Suppose 0 = -4*x + 3946 + i. Let m = x - 1112. Is m composite?
True
Suppose -f - 4*d - 4 = -3, 0 = 2*f + d + 2. Is 4850/15 - f/(-3) a composite number?
True
Let t(g) = 441*g**3 - 17*g**2 + 44*g - 5. Let i(v) = 1763*v**3 - 68*v**2 + 175*v - 22. Let w(f) = -2*i(f) + 9*t(f). Is w(3) composite?
True
Let f = 42954 + 11297. Is f prime?
True
Suppose -18*a = 5*a - 161. Let y(h) = 848*h + 35. Is y(a) composite?
True
Let y be (6/(-42)*0)/(-2). Suppose y = -2*w - 2*w + 4460. Is w prime?
False
Let c(n) = -322*n**3 + 4*n**2 - 48*n + 107. Is c(-8) prime?
True
Suppose -25*t + 1031181 - 1019450 + 5203344 = 0. Is t a prime number?
False
Let v(q) = -4249*q + 1295. Let s be v(12). Let o be 191/(-3) + (-2)/(-3). Is 4/18 + s/o composite?
True
Let s be 2/((-14)/(-12) + -1). Let t be (-438)/(-9)*18/s. Is -2*(10/20 - 1*t) a composite number?
True
Let t = -117798 + 172015. Is t prime?
True
Let p be 3 - (8 - (3 - -1174)). Suppose 0*o + t + p = o, 3*t = 15. Is o a prime number?
False
Suppose 14291 = 3*m + 4*f - 110842, -2*m + 3*f + 83456 = 0. Is m composite?
False
Suppose -9*n - 10648 = -3988. Let j = -435 - n. Suppose -2*w - 807 = -5*v + 724, 0 = -v + w + j. Is v a prime number?
True
Let f = -13415 + -11143. Let q = f - -12723. Let m = q + 17138. Is m a prime number?
True
Let w = 351 + -349. Suppose 4*j - t = 15966, w*t + 10212 + 1765 = 3*j. Is j prime?
False
Let f = -11 + 38. Let o = 37 - f. Is 8796/o - (-12)/(-20) composite?
True
Suppose 377704 = 5*u + 4*a - 487295, 518994 = 3*u - 3*a. Is u prime?
True
Let t(y) = 28*y**2 + 2*y - 65. Suppose -h = 2*s - 6, 4*s = -5*h + 47 - 17. Is t(h) prime?
False
Let j = -1996 + 1999. Let f be 3/(-9) - (-22)/(-6). Is j + 398 + (f - 0) a composite number?
False
Let u be (2/(-6))/((30/(-441))/10). Is (-18)/(-21) + 716877/u prime?
False
Suppose 0 = -3*t - 8*t + 935616. Suppose 8*a - t = 89616. Is (a/(-27) + 2/(-6))*-1 a prime number?
True
Suppose -14418408 = -49*i + 62815463 + 34361228. Is i composite?
True
Suppose 847540 = 4*k + 144*s - 142*s, 0 = 4*k - 3*s - 847580. Is k composite?
False
Suppose -j + 3*v = -15, -15 = -4*j + 3*v - 0*v. Suppose j = 14*q - 12*q - 5318. Suppose 0 = -3*t + q - 64. Is t prime?
False
Let g be 2/(-3) + 24/9. Let x(y) = y**3 - 5*y**2 + 24*y - 76. Let h be x(4). Is 2/h + g/((-16)/(-21636)) a composite number?
True
Suppose 5*z = -7*b + 4*b - 151, -5*z = -3*b + 139. Let p(n) = 6*n**2 + 17*n + 8. Is p(z) a prime number?
True
Let m = -811 - -1424. Is m prime?
True
Suppose 0 = -25*k + 159851 + 991674. Is k composite?
False
Let t(f) = 791*f + 1950. Is t(73) a composite number?
False
Suppose 462*w - 459*w = -2*p + 862456, 2*w = 4*p - 1724960. Is p a prime number?
True
Let x be (-25218)/(8 - 14)*64/6. Suppose 17*m - x = -7381. Is m prime?
True
Let r(i) = -188*i**3 + i**2 - i - 1. Let b be r(-1). Suppose 0 = k - 6*k - 140. Let l = b + k. Is l a composite number?
True
Suppose -1842 = -s + 906. Suppose 19218 + s = 6*r. Suppose -11*x + r = -4*x. Is x a composite number?
False
Suppose -7 = -5*f + 2*l + 3, 4*f - 2*l - 10 = 0. Suppose f = 6*x - 5*x - 130. Is (-3447)/(-13) - 20/x prime?
False
Let g = 495 - 489. Suppose -g*z = -16579 - 1631. Is z prime?
False
Is ((-6)/(-2))/((45*(-7)/654339)/(-5)) a prime number?
True
Let s(l) be the second derivative of -59*l**3/6 + 4*l**2 + l. Suppose -59*j - 288 = 37*j. Is s(j) prime?
False
Suppose -2*q - 5466 = 6494. Let i = 4132 + q. Let l = i + 3103. Is l composite?
True
Suppose -2*h = 4*u + 2, -h + 24 = 2*h - 3*u. Suppose -5*y + 129370 = h*s, 2*y - 35981 = s + 15752. Is y composite?
True
Suppose -2*m - 184889 = -v, 0 = -4*v - 12*m + 8*m + 739592. Is v a prime number?
False
Let l(n) = n**3 + n**2 + 3. Let w be l(0). Let r = 2926 + -1640. Suppose -7*j - 656 = -2*f - 2*j, 4*f + w*j - r = 0. Is f composite?
True
Suppose -78 = -6*o + 3*o. Suppose -5*h + s = -1027 - 1911, -h = 3*s - 594. Let m = h - o. Is m prime?
False
Let t be ((-256)/(-6))/(-2 + 304/156). Let s = -2589 - t. Is s/(-3) + 4/3 composite?
False
Let l be 28/21 - (-33)/9. Suppose -l*b = -2*b - 24. Is b/(-2) + -5 + 52 composite?
False
Let v = -382513 + 893418. Is v a composite number?
True
Suppose 0*v + 2*v - 3*a - 151948 = 0, 0 = -5*v + 3*a + 379861. Is v a prime number?
False
Let b(o) be the second derivative of 39*o**4/4 - 5*o**3/2 + 17*o**2/2 - 2*o - 108. Is b(14) a prime number?
True
Suppose r + 3*k - 2 = 0, 5*r + 7*k - 22 = 4*k. Suppose 6 = -2*d + 2*g, -r*d - 3*g = -20 + 3. Is (-545)/(-5 + d + 3) a composite n